{"id":412175,"date":"2026-02-10T15:53:52","date_gmt":"2026-02-10T14:53:52","guid":{"rendered":"https:\/\/seydakurt.de\/publications\/"},"modified":"2026-03-12T22:08:18","modified_gmt":"2026-03-12T21:08:18","slug":"publications","status":"publish","type":"page","link":"https:\/\/seydakurt.de\/en\/publications\/","title":{"rendered":"Publications"},"content":{"rendered":"<div class=\"et_pb_section_0 et_pb_section et_section_regular et_flex_section\">\n<div class=\"et_pb_row_0 et_pb_row et_grid_row\"><div class=\"et_pb_column_0 et_pb_column et_flex_column et_pb_css_mix_blend_mode_passthrough\" data-loop-item=\"0\">\n<div class=\"et_pb_group_0 et_pb_group et-last-child et_pb_module et_flex_group et_pb_css_mix_blend_mode_passthrough et_clickable\">\n<div class=\"et_pb_heading_0 et_pb_heading et_pb_module et_flex_module\"><div class=\"et_pb_heading_container\"><h1 class=\"et_pb_module_header\">Counterfeit Designer Clothes: The Revenge of the Proles<\/h1><\/div><\/div>\n\n<div class=\"et_pb_text_0 et_pb_text et_pb_bg_layout_light et_clickable et_pb_module et_flex_module preset--module--divi-text--default\"><div class=\"et_pb_text_inner\"><p>What used to be called understatement is now referred to as &quot;quiet luxury.&quot; It&#039;s no longer chic to openly display one&#039;s wealth, but rather to practice restraint. And most people turn up their noses at counterfeit designer clothes anyway. But why is that? In a commentary for the Politische Feuilleton on Deutschlandfunk Kultur, I get to the bottom of it.<\/p>\n<\/div><\/div>\n\n<div class=\"et_pb_module et_pb_button_module_wrapper et_pb_button_0_wrapper preset--group--divi-button--divi-button--nested--duummoy8hw_wrapper preset--module--divi-button--default_wrapper\"><a class=\"et_pb_button_0 et_pb_button et_pb_bg_layout_light et_pb_module et_flex_module preset--group--divi-button--divi-button--nested--duummoy8hw preset--module--divi-button--default\" href=\"https:\/\/www.deutschlandfunkkultur.de\/kommentar-markenkleidung-quiet-luxury-mode-konsum-100.html\" target=\"_blank\" data-icon=\"5\">Read now<\/a><\/div>\n<\/div>\n<\/div><div class=\"et_pb_column_1 et_pb_column et_flex_column et_pb_css_mix_blend_mode_passthrough\" data-loop-item=\"1\">\n<div class=\"et_pb_group_1 et_pb_group et-last-child et_pb_module et_flex_group et_pb_css_mix_blend_mode_passthrough et_clickable\">\n<div class=\"et_pb_heading_1 et_pb_heading et_pb_module et_flex_module\"><div class=\"et_pb_heading_container\"><h1 class=\"et_pb_module_header\">Relevant in which system?<\/h1><\/div><\/div>\n\n<div class=\"et_pb_text_1 et_pb_text et_pb_bg_layout_light et_clickable et_pb_module et_flex_module preset--module--divi-text--default\"><div class=\"et_pb_text_inner\"><p>What is the significance of the question of whether culture is systemically relevant? And what does a power-critical cultural policy look like? An essay for the Kulturpolitische Gesellschaft<\/p>\n<\/div><\/div>\n\n<div class=\"et_pb_module et_pb_button_module_wrapper et_pb_button_1_wrapper preset--group--divi-button--divi-button--nested--duummoy8hw_wrapper preset--module--divi-button--default_wrapper\"><a class=\"et_pb_button_1 et_pb_button et_pb_bg_layout_light et_pb_module et_flex_module preset--group--divi-button--divi-button--nested--duummoy8hw preset--module--divi-button--default\" href=\"https:\/\/kupoge.de\/blog\/2021\/01\/13\/in-welchem-system-relevant\/\" target=\"_blank\" data-icon=\"5\">Read now<\/a><\/div>\n<\/div>\n<\/div><div class=\"et_pb_column_2 et_pb_column et_flex_column et_pb_css_mix_blend_mode_passthrough\" data-loop-item=\"2\">\n<div class=\"et_pb_group_2 et_pb_group et-last-child et_pb_module et_flex_group et_pb_css_mix_blend_mode_passthrough et_clickable\">\n<div class=\"et_pb_heading_2 et_pb_heading et_pb_module et_flex_module\"><div class=\"et_pb_heading_container\"><h1 class=\"et_pb_module_header\">Quiet Quitting: The new work ethic of Millennials<\/h1><\/div><\/div>\n\n<div class=\"et_pb_text_2 et_pb_text et_pb_bg_layout_light et_clickable et_pb_module et_flex_module preset--module--divi-text--default\"><div class=\"et_pb_text_inner\"><p>Opinions are divided on the work ethic of the younger generation. For some time now, &quot;quiet quitting&quot; has been trending on social media, a phenomenon primarily associated with Millennials. In this commentary for the political arts and culture section of Deutschlandfunk Kultur, I get to the bottom of this phenomenon.<\/p>\n<\/div><\/div>\n\n<div class=\"et_pb_module et_pb_button_module_wrapper et_pb_button_2_wrapper preset--group--divi-button--divi-button--nested--duummoy8hw_wrapper preset--module--divi-button--default_wrapper\"><a class=\"et_pb_button_2 et_pb_button et_pb_bg_layout_light et_pb_module et_flex_module preset--group--divi-button--divi-button--nested--duummoy8hw preset--module--divi-button--default\" href=\"https:\/\/www.deutschlandfunkkultur.de\/quiet-quitting-arbeitsmoral-millennials-100.html\" target=\"_blank\" data-icon=\"5\">Read now<\/a><\/div>\n<\/div>\n<\/div><div class=\"et_pb_column_3 et_pb_column et_flex_column et_pb_css_mix_blend_mode_passthrough\" data-loop-item=\"3\">\n<div class=\"et_pb_group_3 et_pb_group et-last-child et_pb_module et_flex_group et_pb_css_mix_blend_mode_passthrough et_clickable\">\n<div class=\"et_pb_heading_3 et_pb_heading et_pb_module et_flex_module\"><div class=\"et_pb_heading_container\"><h1 class=\"et_pb_module_header\">Young people: Too radical, too woke, too humorless?<\/h1><\/div><\/div>\n\n<div class=\"et_pb_text_3 et_pb_text et_pb_bg_layout_light et_clickable et_pb_module et_flex_module preset--module--divi-text--default\"><div class=\"et_pb_text_inner\"><p>Young people are too rigid with their identity politics, they say. Freedom is in danger. Yet they&#039;re not demanding nearly enough. And the problem isn&#039;t the old. An essay for Zeit Online about the seriousness of life and young protest. Illustration: Elif K\u00fc\u00e7\u00fck     <\/p>\n<\/div><\/div>\n\n<div class=\"et_pb_module et_pb_button_module_wrapper et_pb_button_3_wrapper preset--group--divi-button--divi-button--nested--duummoy8hw_wrapper preset--module--divi-button--default_wrapper\"><a class=\"et_pb_button_3 et_pb_button et_pb_bg_layout_light et_pb_module et_flex_module preset--group--divi-button--divi-button--nested--duummoy8hw preset--module--divi-button--default\" href=\"https:\/\/www.zeit.de\/zett\/politik\/2022-10\/junge-menschen-freiheit-identitaetspolitik-individualismus\" target=\"_blank\" data-icon=\"5\">Read now<\/a><\/div>\n<\/div>\n<\/div><div class=\"et_pb_column_4 et_pb_column et_flex_column et_pb_css_mix_blend_mode_passthrough\" data-loop-item=\"4\">\n<div class=\"et_pb_group_4 et_pb_group et-last-child et_pb_module et_flex_group et_pb_css_mix_blend_mode_passthrough et_clickable\">\n<div class=\"et_pb_heading_4 et_pb_heading et_pb_module et_flex_module\"><div class=\"et_pb_heading_container\"><h1 class=\"et_pb_module_header\">190220 \u2013 One year after Hanau<\/h1><\/div><\/div>\n\n<div class=\"et_pb_text_4 et_pb_text et_pb_bg_layout_light et_clickable et_pb_module et_flex_module preset--module--divi-text--default\"><div class=\"et_pb_text_inner\"><p>I worked as an editor on the Spotify Original podcast 190220 \u2013 One Year After Hanau. In six episodes, we reconstruct the night of the attack on February 19, 2020, the institutional failures before and after the attack, and the mechanisms of structural racism in our society. Only on Spotify.  <\/p>\n<\/div><\/div>\n\n<div class=\"et_pb_module et_pb_button_module_wrapper et_pb_button_4_wrapper preset--group--divi-button--divi-button--nested--duummoy8hw_wrapper preset--module--divi-button--default_wrapper\"><a class=\"et_pb_button_4 et_pb_button et_pb_bg_layout_light et_pb_module et_flex_module preset--group--divi-button--divi-button--nested--duummoy8hw preset--module--divi-button--default\" href=\"https:\/\/open.spotify.com\/show\/0Z2UJwgGfDnxrIhJpefINW\" target=\"_blank\" data-icon=\"5\">Read now<\/a><\/div>\n<\/div>\n<\/div><div class=\"et_pb_column_5 et_pb_column et_flex_column et_pb_css_mix_blend_mode_passthrough\" data-loop-item=\"5\">\n<div class=\"et_pb_group_5 et_pb_group et-last-child et_pb_module et_flex_group et_pb_css_mix_blend_mode_passthrough et_clickable\">\n<div class=\"et_pb_heading_5 et_pb_heading et_pb_module et_flex_module\"><div class=\"et_pb_heading_container\"><h1 class=\"et_pb_module_header\">I don\u2019t want to take part in that!<\/h1><\/div><\/div>\n\n<div class=\"et_pb_text_5 et_pb_text et_pb_bg_layout_light et_clickable et_pb_module et_flex_module preset--module--divi-text--default\"><div class=\"et_pb_text_inner\"><p>Why do I distrust the applause on the balconies and the universally invoked concept of solidarity during the Corona crisis? Column \u2764topia on nachtkritik.de <\/p>\n<\/div><\/div>\n\n<div class=\"et_pb_module et_pb_button_module_wrapper et_pb_button_5_wrapper preset--group--divi-button--divi-button--nested--duummoy8hw_wrapper preset--module--divi-button--default_wrapper\"><a class=\"et_pb_button_5 et_pb_button et_pb_bg_layout_light et_pb_module et_flex_module preset--group--divi-button--divi-button--nested--duummoy8hw preset--module--divi-button--default\" href=\"https:\/\/nachtkritik.de\/index.php?option=com_content&#038;view=article&#038;id=17870:kolumne-topia-seyda-kurt-misstraut-der-beschworenen-solidaritaet&#038;catid=1757&#038;Itemid=100389\" target=\"_blank\" data-icon=\"5\">Read now<\/a><\/div>\n<\/div>\n<\/div><div class=\"et_pb_column_6 et_pb_column et_flex_column et_pb_css_mix_blend_mode_passthrough\" data-loop-item=\"6\">\n<div class=\"et_pb_group_6 et_pb_group et-last-child et_pb_module et_flex_group et_pb_css_mix_blend_mode_passthrough et_clickable\">\n<div class=\"et_pb_heading_6 et_pb_heading et_pb_module et_flex_module\"><div class=\"et_pb_heading_container\"><h1 class=\"et_pb_module_header\">Colonial Ethnographic Shows: \u201cIt was and remains the racist gaze on non-white people\u201d<\/h1><\/div><\/div>\n\n<div class=\"et_pb_text_6 et_pb_text et_pb_bg_layout_light et_clickable et_pb_module et_flex_module preset--module--divi-text--default\"><div class=\"et_pb_text_inner\"><p>In ethnological exhibitions, non-European people were put on display before audiences. It is an often forgotten chapter of German colonial history whose traces are still visible today. A report for ze.tt.   <\/p>\n<\/div><\/div>\n\n<div class=\"et_pb_module et_pb_button_module_wrapper et_pb_button_6_wrapper preset--group--divi-button--divi-button--nested--duummoy8hw_wrapper preset--module--divi-button--default_wrapper\"><a class=\"et_pb_button_6 et_pb_button et_pb_bg_layout_light et_pb_module et_flex_module preset--group--divi-button--divi-button--nested--duummoy8hw preset--module--divi-button--default\" href=\"https:\/\/www.zeit.de\/zett\/politik\/2019-09\/koloniale-voelkerschauen-es-war-und-ist-der-rassistische-blick-auf-nicht-weisse-menschen\" target=\"_blank\" data-icon=\"5\">Read now<\/a><\/div>\n<\/div>\n<\/div><div class=\"et_pb_column_7 et_pb_column et_flex_column et_pb_css_mix_blend_mode_passthrough\" data-loop-item=\"7\">\n<div class=\"et_pb_group_7 et_pb_group et-last-child et_pb_module et_flex_group et_pb_css_mix_blend_mode_passthrough et_clickable\">\n<div class=\"et_pb_heading_7 et_pb_heading et_pb_module et_flex_module\"><div class=\"et_pb_heading_container\"><h1 class=\"et_pb_module_header\">How Cologne and Zwickau struggle with commemorating the victims of the NSU<\/h1><\/div><\/div>\n\n<div class=\"et_pb_text_7 et_pb_text et_pb_bg_layout_light et_clickable et_pb_module et_flex_module preset--module--divi-text--default\"><div class=\"et_pb_text_inner\"><p>In Cologne, the NSU carried out two arson attacks; in Zwickau, the core trio went underground for years. As different as their roles in the NSU complex are, both cities are searching for an appropriate form of remembrance. A report for ze.tt.   <\/p>\n<\/div><\/div>\n\n<div class=\"et_pb_module et_pb_button_module_wrapper et_pb_button_7_wrapper preset--group--divi-button--divi-button--nested--duummoy8hw_wrapper preset--module--divi-button--default_wrapper\"><a class=\"et_pb_button_7 et_pb_button et_pb_bg_layout_light et_pb_module et_flex_module preset--group--divi-button--divi-button--nested--duummoy8hw preset--module--divi-button--default\" href=\"https:\/\/www.zeit.de\/zett\/politik\/2019-07\/wie-koeln-und-zwickau-um-das-gedenken-an-die-nsu-opfer-ringen\" target=\"_blank\" data-icon=\"5\">Read now<\/a><\/div>\n<\/div>\n<\/div><div class=\"et_pb_column_8 et_pb_column et_flex_column et_pb_css_mix_blend_mode_passthrough\" data-loop-item=\"8\">\n<div class=\"et_pb_group_8 et_pb_group et-last-child et_pb_module et_flex_group et_pb_css_mix_blend_mode_passthrough et_clickable\">\n<div class=\"et_pb_heading_8 et_pb_heading et_pb_module et_flex_module\"><div class=\"et_pb_heading_container\"><h1 class=\"et_pb_module_header\">Unruly Muscle Bands and Stolen Cigarettes<\/h1><\/div><\/div>\n\n<div class=\"et_pb_text_8 et_pb_text et_pb_bg_layout_light et_clickable et_pb_module et_flex_module preset--module--divi-text--default\"><div class=\"et_pb_text_inner\"><p>My impressions of life in Berlin for the taz column &#039;Going Out and Standing Around&#039;.<\/p>\n<\/div><\/div>\n\n<div class=\"et_pb_module et_pb_button_module_wrapper et_pb_button_8_wrapper preset--group--divi-button--divi-button--nested--duummoy8hw_wrapper preset--module--divi-button--default_wrapper\"><a class=\"et_pb_button_8 et_pb_button et_pb_bg_layout_light et_pb_module et_flex_module preset--group--divi-button--divi-button--nested--duummoy8hw preset--module--divi-button--default\" href=\"https:\/\/taz.de\/Widerspenstige-Muskelbinden-und-geklaute-Zigaretten\/!5512869\/\" target=\"_blank\" data-icon=\"5\">Read now<\/a><\/div>\n<\/div>\n<\/div><div class=\"et_pb_column_9 et_pb_column et-last-child et_flex_column et_pb_column_empty et_pb_css_mix_blend_mode_passthrough\"><\/div><\/div>\n<\/div>","protected":false},"excerpt":{"rendered":"","protected":false},"author":1,"featured_media":0,"parent":0,"menu_order":0,"comment_status":"closed","ping_status":"closed","template":"","meta":{"_acf_changed":false,"footnotes":""},"class_list":["post-412175","page","type-page","status-publish","hentry"],"acf":[],"_links":{"self":[{"href":"https:\/\/seydakurt.de\/en\/wp-json\/wp\/v2\/pages\/412175","targetHints":{"allow":["GET"]}}],"collection":[{"href":"https:\/\/seydakurt.de\/en\/wp-json\/wp\/v2\/pages"}],"about":[{"href":"https:\/\/seydakurt.de\/en\/wp-json\/wp\/v2\/types\/page"}],"author":[{"embeddable":true,"href":"https:\/\/seydakurt.de\/en\/wp-json\/wp\/v2\/users\/1"}],"replies":[{"embeddable":true,"href":"https:\/\/seydakurt.de\/en\/wp-json\/wp\/v2\/comments?post=412175"}],"version-history":[{"count":1,"href":"https:\/\/seydakurt.de\/en\/wp-json\/wp\/v2\/pages\/412175\/revisions"}],"predecessor-version":[{"id":412176,"href":"https:\/\/seydakurt.de\/en\/wp-json\/wp\/v2\/pages\/412175\/revisions\/412176"}],"wp:attachment":[{"href":"https:\/\/seydakurt.de\/en\/wp-json\/wp\/v2\/media?parent=412175"}],"curies":[{"name":"wp","href":"https:\/\/api.w.org\/{rel}","templated":true}]}}

<div class="et_pb_section_0 et_pb_section et_section_regular et_flex_section">
<div class="et_pb_row_0 et_pb_row et_grid_row"><div class="et_pb_column_0 et_pb_column et_flex_column et_pb_css_mix_blend_mode_passthrough" data-loop-item="0">
<div class="et_pb_group_0 et_pb_group et-last-child et_pb_module et_flex_group et_pb_css_mix_blend_mode_passthrough et_clickable">
<div class="et_pb_heading_0 et_pb_heading et_pb_module et_flex_module"><div class="et_pb_heading_container"><h1 class="et_pb_module_header">Counterfeit Designer Clothes: The Revenge of the Proles</h1></div></div>

<div class="et_pb_text_0 et_pb_text et_pb_bg_layout_light et_clickable et_pb_module et_flex_module preset--module--divi-text--default"><div class="et_pb_text_inner"><p>What used to be called understatement is now referred to as &quot;quiet luxury.&quot; It&#039;s no longer chic to openly display one&#039;s wealth, but rather to practice restraint. And most people turn up their noses at counterfeit designer clothes anyway. But why is that? In a commentary for the Politische Feuilleton on Deutschlandfunk Kultur, I get to the bottom of it.</p>
</div></div>

<div class="et_pb_module et_pb_button_module_wrapper et_pb_button_0_wrapper preset--group--divi-button--divi-button--nested--duummoy8hw_wrapper preset--module--divi-button--default_wrapper"><a class="et_pb_button_0 et_pb_button et_pb_bg_layout_light et_pb_module et_flex_module preset--group--divi-button--divi-button--nested--duummoy8hw preset--module--divi-button--default" href="https://www.deutschlandfunkkultur.de/kommentar-markenkleidung-quiet-luxury-mode-konsum-100.html" target="_blank" data-icon="5">Read now</a></div>
</div>
</div><div class="et_pb_column_1 et_pb_column et_flex_column et_pb_css_mix_blend_mode_passthrough" data-loop-item="1">
<div class="et_pb_group_1 et_pb_group et-last-child et_pb_module et_flex_group et_pb_css_mix_blend_mode_passthrough et_clickable">
<div class="et_pb_heading_1 et_pb_heading et_pb_module et_flex_module"><div class="et_pb_heading_container"><h1 class="et_pb_module_header">Relevant in which system?</h1></div></div>

<div class="et_pb_text_1 et_pb_text et_pb_bg_layout_light et_clickable et_pb_module et_flex_module preset--module--divi-text--default"><div class="et_pb_text_inner"><p>What is the significance of the question of whether culture is systemically relevant? And what does a power-critical cultural policy look like? An essay for the Kulturpolitische Gesellschaft</p>
</div></div>

<div class="et_pb_module et_pb_button_module_wrapper et_pb_button_1_wrapper preset--group--divi-button--divi-button--nested--duummoy8hw_wrapper preset--module--divi-button--default_wrapper"><a class="et_pb_button_1 et_pb_button et_pb_bg_layout_light et_pb_module et_flex_module preset--group--divi-button--divi-button--nested--duummoy8hw preset--module--divi-button--default" href="https://kupoge.de/blog/2021/01/13/in-welchem-system-relevant/" target="_blank" data-icon="5">Read now</a></div>
</div>
</div><div class="et_pb_column_2 et_pb_column et_flex_column et_pb_css_mix_blend_mode_passthrough" data-loop-item="2">
<div class="et_pb_group_2 et_pb_group et-last-child et_pb_module et_flex_group et_pb_css_mix_blend_mode_passthrough et_clickable">
<div class="et_pb_heading_2 et_pb_heading et_pb_module et_flex_module"><div class="et_pb_heading_container"><h1 class="et_pb_module_header">Quiet Quitting: The new work ethic of Millennials</h1></div></div>

<div class="et_pb_text_2 et_pb_text et_pb_bg_layout_light et_clickable et_pb_module et_flex_module preset--module--divi-text--default"><div class="et_pb_text_inner"><p>Opinions are divided on the work ethic of the younger generation. For some time now, &quot;quiet quitting&quot; has been trending on social media, a phenomenon primarily associated with Millennials. In this commentary for the political arts and culture section of Deutschlandfunk Kultur, I get to the bottom of this phenomenon.</p>
</div></div>

<div class="et_pb_module et_pb_button_module_wrapper et_pb_button_2_wrapper preset--group--divi-button--divi-button--nested--duummoy8hw_wrapper preset--module--divi-button--default_wrapper"><a class="et_pb_button_2 et_pb_button et_pb_bg_layout_light et_pb_module et_flex_module preset--group--divi-button--divi-button--nested--duummoy8hw preset--module--divi-button--default" href="https://www.deutschlandfunkkultur.de/quiet-quitting-arbeitsmoral-millennials-100.html" target="_blank" data-icon="5">Read now</a></div>
</div>
</div><div class="et_pb_column_3 et_pb_column et_flex_column et_pb_css_mix_blend_mode_passthrough" data-loop-item="3">
<div class="et_pb_group_3 et_pb_group et-last-child et_pb_module et_flex_group et_pb_css_mix_blend_mode_passthrough et_clickable">
<div class="et_pb_heading_3 et_pb_heading et_pb_module et_flex_module"><div class="et_pb_heading_container"><h1 class="et_pb_module_header">Young people: Too radical, too woke, too humorless?</h1></div></div>

<div class="et_pb_text_3 et_pb_text et_pb_bg_layout_light et_clickable et_pb_module et_flex_module preset--module--divi-text--default"><div class="et_pb_text_inner"><p>Young people are too rigid with their identity politics, they say. Freedom is in danger. Yet they&#039;re not demanding nearly enough. And the problem isn&#039;t the old. An essay for Zeit Online about the seriousness of life and young protest. Illustration: Elif Küçük     </p>
</div></div>

<div class="et_pb_module et_pb_button_module_wrapper et_pb_button_3_wrapper preset--group--divi-button--divi-button--nested--duummoy8hw_wrapper preset--module--divi-button--default_wrapper"><a class="et_pb_button_3 et_pb_button et_pb_bg_layout_light et_pb_module et_flex_module preset--group--divi-button--divi-button--nested--duummoy8hw preset--module--divi-button--default" href="https://www.zeit.de/zett/politik/2022-10/junge-menschen-freiheit-identitaetspolitik-individualismus" target="_blank" data-icon="5">Read now</a></div>
</div>
</div><div class="et_pb_column_4 et_pb_column et_flex_column et_pb_css_mix_blend_mode_passthrough" data-loop-item="4">
<div class="et_pb_group_4 et_pb_group et-last-child et_pb_module et_flex_group et_pb_css_mix_blend_mode_passthrough et_clickable">
<div class="et_pb_heading_4 et_pb_heading et_pb_module et_flex_module"><div class="et_pb_heading_container"><h1 class="et_pb_module_header">190220 – One year after Hanau</h1></div></div>

<div class="et_pb_text_4 et_pb_text et_pb_bg_layout_light et_clickable et_pb_module et_flex_module preset--module--divi-text--default"><div class="et_pb_text_inner"><p>I worked as an editor on the Spotify Original podcast 190220 – One Year After Hanau. In six episodes, we reconstruct the night of the attack on February 19, 2020, the institutional failures before and after the attack, and the mechanisms of structural racism in our society. Only on Spotify.  </p>
</div></div>

<div class="et_pb_module et_pb_button_module_wrapper et_pb_button_4_wrapper preset--group--divi-button--divi-button--nested--duummoy8hw_wrapper preset--module--divi-button--default_wrapper"><a class="et_pb_button_4 et_pb_button et_pb_bg_layout_light et_pb_module et_flex_module preset--group--divi-button--divi-button--nested--duummoy8hw preset--module--divi-button--default" href="https://open.spotify.com/show/0Z2UJwgGfDnxrIhJpefINW" target="_blank" data-icon="5">Read now</a></div>
</div>
</div><div class="et_pb_column_5 et_pb_column et_flex_column et_pb_css_mix_blend_mode_passthrough" data-loop-item="5">
<div class="et_pb_group_5 et_pb_group et-last-child et_pb_module et_flex_group et_pb_css_mix_blend_mode_passthrough et_clickable">
<div class="et_pb_heading_5 et_pb_heading et_pb_module et_flex_module"><div class="et_pb_heading_container"><h1 class="et_pb_module_header">I don’t want to take part in that!</h1></div></div>

<div class="et_pb_text_5 et_pb_text et_pb_bg_layout_light et_clickable et_pb_module et_flex_module preset--module--divi-text--default"><div class="et_pb_text_inner"><p>Why do I distrust the applause on the balconies and the universally invoked concept of solidarity during the Corona crisis? Column ❤topia on nachtkritik.de </p>
</div></div>

<div class="et_pb_module et_pb_button_module_wrapper et_pb_button_5_wrapper preset--group--divi-button--divi-button--nested--duummoy8hw_wrapper preset--module--divi-button--default_wrapper"><a class="et_pb_button_5 et_pb_button et_pb_bg_layout_light et_pb_module et_flex_module preset--group--divi-button--divi-button--nested--duummoy8hw preset--module--divi-button--default" href="https://nachtkritik.de/index.php?option=com_content&#038;view=article&#038;id=17870:kolumne-topia-seyda-kurt-misstraut-der-beschworenen-solidaritaet&#038;catid=1757&#038;Itemid=100389" target="_blank" data-icon="5">Read now</a></div>
</div>
</div><div class="et_pb_column_6 et_pb_column et_flex_column et_pb_css_mix_blend_mode_passthrough" data-loop-item="6">
<div class="et_pb_group_6 et_pb_group et-last-child et_pb_module et_flex_group et_pb_css_mix_blend_mode_passthrough et_clickable">
<div class="et_pb_heading_6 et_pb_heading et_pb_module et_flex_module"><div class="et_pb_heading_container"><h1 class="et_pb_module_header">Colonial Ethnographic Shows: “It was and remains the racist gaze on non-white people”</h1></div></div>

<div class="et_pb_text_6 et_pb_text et_pb_bg_layout_light et_clickable et_pb_module et_flex_module preset--module--divi-text--default"><div class="et_pb_text_inner"><p>In ethnological exhibitions, non-European people were put on display before audiences. It is an often forgotten chapter of German colonial history whose traces are still visible today. A report for ze.tt.   </p>
</div></div>

<div class="et_pb_module et_pb_button_module_wrapper et_pb_button_6_wrapper preset--group--divi-button--divi-button--nested--duummoy8hw_wrapper preset--module--divi-button--default_wrapper"><a class="et_pb_button_6 et_pb_button et_pb_bg_layout_light et_pb_module et_flex_module preset--group--divi-button--divi-button--nested--duummoy8hw preset--module--divi-button--default" href="https://www.zeit.de/zett/politik/2019-09/koloniale-voelkerschauen-es-war-und-ist-der-rassistische-blick-auf-nicht-weisse-menschen" target="_blank" data-icon="5">Read now</a></div>
</div>
</div><div class="et_pb_column_7 et_pb_column et_flex_column et_pb_css_mix_blend_mode_passthrough" data-loop-item="7">
<div class="et_pb_group_7 et_pb_group et-last-child et_pb_module et_flex_group et_pb_css_mix_blend_mode_passthrough et_clickable">
<div class="et_pb_heading_7 et_pb_heading et_pb_module et_flex_module"><div class="et_pb_heading_container"><h1 class="et_pb_module_header">How Cologne and Zwickau struggle with commemorating the victims of the NSU</h1></div></div>

<div class="et_pb_text_7 et_pb_text et_pb_bg_layout_light et_clickable et_pb_module et_flex_module preset--module--divi-text--default"><div class="et_pb_text_inner"><p>In Cologne, the NSU carried out two arson attacks; in Zwickau, the core trio went underground for years. As different as their roles in the NSU complex are, both cities are searching for an appropriate form of remembrance. A report for ze.tt.   </p>
</div></div>

<div class="et_pb_module et_pb_button_module_wrapper et_pb_button_7_wrapper preset--group--divi-button--divi-button--nested--duummoy8hw_wrapper preset--module--divi-button--default_wrapper"><a class="et_pb_button_7 et_pb_button et_pb_bg_layout_light et_pb_module et_flex_module preset--group--divi-button--divi-button--nested--duummoy8hw preset--module--divi-button--default" href="https://www.zeit.de/zett/politik/2019-07/wie-koeln-und-zwickau-um-das-gedenken-an-die-nsu-opfer-ringen" target="_blank" data-icon="5">Read now</a></div>
</div>
</div><div class="et_pb_column_8 et_pb_column et_flex_column et_pb_css_mix_blend_mode_passthrough" data-loop-item="8">
<div class="et_pb_group_8 et_pb_group et-last-child et_pb_module et_flex_group et_pb_css_mix_blend_mode_passthrough et_clickable">
<div class="et_pb_heading_8 et_pb_heading et_pb_module et_flex_module"><div class="et_pb_heading_container"><h1 class="et_pb_module_header">Unruly Muscle Bands and Stolen Cigarettes</h1></div></div>

<div class="et_pb_text_8 et_pb_text et_pb_bg_layout_light et_clickable et_pb_module et_flex_module preset--module--divi-text--default"><div class="et_pb_text_inner"><p>My impressions of life in Berlin for the taz column &#039;Going Out and Standing Around&#039;.</p>
</div></div>

<div class="et_pb_module et_pb_button_module_wrapper et_pb_button_8_wrapper preset--group--divi-button--divi-button--nested--duummoy8hw_wrapper preset--module--divi-button--default_wrapper"><a class="et_pb_button_8 et_pb_button et_pb_bg_layout_light et_pb_module et_flex_module preset--group--divi-button--divi-button--nested--duummoy8hw preset--module--divi-button--default" href="https://taz.de/Widerspenstige-Muskelbinden-und-geklaute-Zigaretten/!5512869/" target="_blank" data-icon="5">Read now</a></div>
</div>
</div><div class="et_pb_column_9 et_pb_column et-last-child et_flex_column et_pb_column_empty et_pb_css_mix_blend_mode_passthrough"></div></div>
</div>
